 Calculate the highest common factor of g and y.
8
Let c be (-45)/6*(-2)/3. Suppose i + g = 3, -2*i + 13 = -c*g - 7. Calculate the greatest common divisor of 2 and i.
1
Let a(q) = 63*q + 1. Let u be a(1). What is the highest common divisor of u and 8?
8
Suppose -18*x + 15*x = 0. Suppose -3*q + 5*j + 21 = -47, x = -5*j - 20. Calculate the highest common divisor of 16 and q.
16
Let n(h) = 5*h - 1. Let r(a) = -a**3 - a**2 + a + 8. Let c be r(0). Let l = c + -3. Let u be n(l). What is the highest common divisor of u and 3?
3
Let v = -19 + 20. Calculate the greatest common divisor of 2 and v.
1
Let l(x) = x**3 + 5*x**2 - 7*x + 6. Let h be l(-6). Suppose h - 2 = 2*m. Calculate the highest common factor of 15 and m.
5
Let c(l) = 7*l**2 - 2*l. Let w be c(2). Calculate the greatest common divisor of 48 and w.
24
Suppose -2*m + 0*m = a - 42, 0 = a - 2*m - 38. What is the greatest common factor of a and 440?
40
Suppose 2 = 3*d - 31. Calculate the highest common divisor of 44 and d.
11
Suppose 12 - 32 = -4*r. Let o be 1/(-4) + 84/16. Calculate the greatest common divisor of o and r.
5
Let p(q) = -5*q + 8. Let m be p(-4). Calculate the greatest common factor of 42 and m.
14
Let f(d) = 0*d**2 + 0*d**3 - 1 - 4*d**2 + 5*d + d**3 - 7*d. Let t be f(5). Calculate the greatest common factor of 14 and t.
14
Let m = -13 + 94. Suppose -3*g + m - 279 = 0. Let u = g + 110. What is the highest common factor of 4 and u?
4
Let k be 0 - -1 - -1*14. Let s = 457 + -322. Calculate the greatest common divisor of s and k.
15
Let y = -10 + 28. Suppose 4*v + y = 6. Let b be 16 + -2 + 7 + v. Calculate the greatest common factor of b and 27.
9
Let a be 3 - (1 - -5) - -26. Calculate the highest common divisor of a and 92.
23
Let k be -1*6*1/(-2). Suppose 2*p - p - 13 = 0. Suppose -p = -3*s - 3*h + 8*h, 4 = 4*h. Calculate the greatest common divisor of s and k.
3
Let f(c) = 11*c. Let q be f(3). Let o be ((-44)/10)/(10/(-25)). Calculate the greatest common divisor of o and q.
11
Suppose -4*k + 5*b + 72 = -0*b, -b - 54 = -3*k. Let l = -3 - -7. Suppose 0 = -l*w + 2*w + 18. Calculate the highest common factor of w and k.
9
Suppose 18 = b - 1. What is the highest common factor of b and 95?
19
Suppose 36 = -3*c + 99. Calculate the greatest common factor of c and 21.
21
Suppose 5*u = -4*v + 3*u - 16, 12 = -3*v + 2*u. Let m be -5*(8/v + 1). What is the greatest common factor of m and 25?
5
Suppose -2*z + 7*z = 0, 5*z - 64 = -4*b. Suppose -4*o - b = 0, -2*j + 10 = -o - 0. What is the greatest common factor of 33 and j?
3
Let z be (64/20)/(2/80). Let k(t) = -2*t + 2. Let r be k(4). Let l be (-24)/(-10)*(-40)/r. Calculate the highest common divisor of l and z.
16
Let z be (-2)/(-6) - (-10)/6. Let x(j) = -10*j - j**2 + 1 + 4*j + 6*j**2 + j**3. Let n be x(-6). What is the highest common divisor of z and n?
1
Let d = 6 + -6. Suppose d = -t + 3 - 0. Suppose -s = -q - 1, 3*q = -t*s - 0*q + 21. What is the greatest common factor of 2 and s?
2
Suppose 3*g = -5*x + 215, 3*g + 43 = 4*x - 156. Calculate the greatest common divisor of x and 115.
23
Let o(q) = -143*q - 13. Let i(z) = -72*z - 7. Let s(n) = -11*i(n) + 6*o(n). Let u be s(-1). What is the greatest common divisor of 26 and u?
13
Suppose 150 = 5*m - 2*m + 2*c, -5*m = -4*c - 228. What is the highest common factor of 6 and m?
6
Let f be (-1 - 34/(-10))*(-12210)/(-99). What is the greatest common factor of 37 and f?
37
Suppose -4*i - 257 = -4*h + 219, -5*i = 4*h - 485. What is the greatest common factor of 15 and h?
15
Let s = -20 - -17. Let n be 5/(s*(-2)/18). Calculate the highest common divisor of n and 6.
3
Let c = 208 + -24. Calculate the highest common factor of 23 and c.
23
Let h = 26 + -18. Suppose 2*r - 22 = -5*z, -z + 44 = h*r - 4*r. What is the highest common divisor of r and 99?
11
Let u(g) = 4*g - 2. Let w(c) = -20*c + 10. Let f(l) = 11*u(l) + 2*w(l). Let h be f(3). Calculate the highest common factor of 2 and h.
2
Suppose 4*u - 2*p - 804 = 0, 5*p - 231 = 5*u - 1241. Let c be 18/15*u/15. What is the highest common divisor of c and 176?
16
Let x(t) = -2*t**2 + 28*t + 10. Let a be x(13). Calculate the greatest common factor of 108 and a.
36
Suppose -5*b + 121 = -3*m, 0*m + 11 = b - 5*m. Let r = 10 + 29. What is the greatest common factor of b and r?
13
Let f be ((-13)/(-3))/(8/72). Calculate the greatest common factor of 13 and f.
13
Let i be 147/10*-4*(-5)/2. Calculate the greatest common divisor of i and 21.
21
Suppose 0 = -6*g + 10*g. Suppose 4*n - 104 = -4*u, g = 5*u - 3*n + 7*n - 131. What is the highest common divisor of 3 and u?
3
Suppose 2*d = 4*u - 24, 17 - 2 = u + 4*d. Suppose -5*z + 3 + u = 0. Let l be -1 - -14*(z + -1). Calculate the highest common factor of 143 and l.
13
Suppose 3*i - 31 = 5. Let y be (-459)/(-15) - 21/35. Calculate the highest common factor of y and i.
6
Suppose -10 = p + p. Let m(l) = -l**3 - 2*l**2 - 2*l + 5. Let y be m(p). Suppose -10 = -s - 0*s. Calculate the highest common divisor of s and y.
10
Let y(h) = -h**3 + 6*h**2 + 10*h - 9. Let q be (-58)/(-8) + 2/(-8). Let j be y(q). Let z be 0 - ((-3)/(-3) - 4). Calculate the highest common factor of j and z.
3
Suppose -t = 2*t - 9. Let z(q) = t - q**2 + 0 - 1. Let w be z(0). What is the greatest common divisor of w and 12?
2
Suppose 0 = -3*h - 2*b - 0*b + 164, 0 = -4*h + 2*b + 214. What is the greatest common divisor of h and 18?
18
Let r(y) = y**2 + 3*y + 4. Let g be r(-7). Let s = 4 - 4. Suppose s = -4*w + 2*w + 96. What is the greatest common divisor of w and g?
16
Let k = -40 + 20. Let f = k - -32. Calculate the highest common divisor of f and 108.
12
Let x(b) = 4*b - 3. Let z be x(2). Suppose -z*d = -2*d - 75. Let y = d - 15. What is the highest common divisor of y and 4?
2
Suppose -2*w + 240 = w. What is the highest common divisor of w and 16?
16
Let m be (-13)/(-2)*(-3 - -5). Calculate the greatest common factor of m and 65.
13
Suppose -4*o = -406 - 498. Suppose 3*m - o - 137 = 0. Calculate the greatest common factor of m and 11.
11
Suppose -2*s + 4*v = -25 - 39, 3*s - 76 = -4*v. What is the highest common factor of s and 224?
28
Suppose -5*o + 7*f = 4*f - 3, 2*f = 3*o - 1. Let a be 13/3 - (-2)/o. Suppose -i = a, -125 = -z - 4*z + i. Calculate the greatest common divisor of z and 8.
8
Let j(z) = z**3 + 8*z**2 + 5*z + 4. Let u be j(-7). Calculate the highest common factor of 6 and u.
6
Let w be 6/8 + -2 + (-113)/(-4). What is the highest common factor of 135 and w?
27
Suppose 6 = 2*k, 5*k + 6 = l + 13. Suppose 13*w = l*w + 50. What is the greatest common divisor of 20 and w?
10
Let f(y) = 3*y**3 + 3*y**2 + 2*y - 4. Let a = 6 - 3. Let d be f(a). Suppose 14*l = 93 + 47. What is the highest common divisor of l and d?
10
Suppose 0 = -4*t + 68 + 228. What is the greatest common divisor of 37 and t?
37
Let u = -26 - -82. Let s = -4 + 8. Let f be (-4)/s + (6 - -2). What is the greatest common divisor of u and f?
7
Suppose 8*n = -14*n + 550. What is the highest common divisor of n and 225?
25
Suppose 0 = 4*g - 26 - 18. Let c(o) = -o + 21. Let f be c(g). Calculate the greatest common factor of f and 20.
10
Suppose 8 = w + 5. Suppose -w*r = -36 - 531. What is the greatest common factor of 21 and r?
21
Let c = 2 - -3. Let k be 93/c - (-6)/15. Calculate the highest common factor of k and 76.
19
Let u(v) = 3*v - 1. Let x be u(1). Suppose 4*j - 3*y - 34 = 0, j + 4*y = -2*j + 13. Let r = j - -3. What is the highest common factor of r and x?
2
Let q(g) be the second derivative of g**5/20 - g**4 + g**3/6 - 5*g. Let b be q(12). Calculate the highest common factor of b and 18.
6
Let y(l) = -3*l - 2. Let j be y(-12). Let f = j - 2. Calculate the highest common divisor of f and 16.
16
Suppose 5*c = -2*u, 13 = c - 0*c + 3*u. Let r be c/3*3 - -24. Let d = r - 16. What is the highest common factor of d and 6?
6
Let g(h) = 2*h**3 + 3*h**2 - 3*h - 1. Let f be g(-3). Let j = -5 - f. What is the greatest common divisor of j and 126?
14
Let o be ((-42)/9 - -3)*-3. Suppose o*p - 40 = 5. Suppose -2*w + 1 = -v, -w + p*v - 22 = 4*v. Calculate the highest common factor of w and 12.
3
Let o = -31 + 73. Let m = -6 - 7. Let r = 15 - m. What is the highest common divisor of r and o?
14
Let r be (-34 + -2)*(0 - (-4)/(-8)). Suppose -4*f = -y - 27 + 5, -2*f + 2*y = -8. What is the high